{"id":47,"date":"2021-05-17T17:27:48","date_gmt":"2021-05-17T15:27:48","guid":{"rendered":"https:\/\/portfolio.jaadar.go.yj.fr\/?page_id=47"},"modified":"2021-05-26T01:34:33","modified_gmt":"2021-05-25T23:34:33","slug":"deuxieme-activite","status":"publish","type":"page","link":"https:\/\/portfolio.mouradjaadar.fr\/index.php\/deuxieme-activite\/","title":{"rendered":"Deuxi\u00e8me activit\u00e9"},"content":{"rendered":"<div class=\"style-636 style-local-47-c1 position-relative\" data-colibri-id=\"47-c1\">\n<div id=\"custom\" class=\"h-section h-section-global-spacing d-flex align-items-lg-center align-items-md-center align-items-center style-641 style-local-47-c2 position-relative\" data-colibri-component=\"section\" data-colibri-id=\"47-c2\">\n<div class=\"h-section-grid-container h-section-boxed-container\">\n<div class=\"h-row-container gutters-row-lg-2 gutters-row-md-2 gutters-row-0 gutters-row-v-lg-2 gutters-row-v-md-2 gutters-row-v-2 style-642 style-local-47-c3 position-relative\" data-colibri-id=\"47-c3\">\n<div class=\"h-row justify-content-lg-center justify-content-md-center justify-content-center align-items-lg-stretch align-items-md-stretch align-items-stretch gutters-col-lg-2 gutters-col-md-2 gutters-col-0 gutters-col-v-lg-2 gutters-col-v-md-2 gutters-col-v-2\">\n<div class=\"h-column h-column-container d-flex h-col-lg-auto h-col-md-auto h-col-auto style-643-outer style-local-47-c4-outer\">\n<div class=\"d-flex h-flex-basis h-column__inner h-px-lg-2 h-px-md-2 h-px-2 v-inner-lg-2 v-inner-md-2 v-inner-2 style-643 style-local-47-c4 position-relative\" data-colibri-id=\"47-c4\">\n<div class=\"w-100 h-y-container h-column__content h-column__v-align flex-basis-100 align-self-lg-start align-self-md-start align-self-start\">\n<div class=\"h-global-transition-all h-heading style-885 style-local-47-c18 position-relative h-element\" data-colibri-id=\"47-c18\">\n<div class=\"h-heading__outer style-885 style-local-47-c18\">\n<h5 class=\"\">Mise en place d\u2019un serveur SYSLOG-Loganalyzer<\/h5>\n<\/div>\n<\/div>\n<div class=\"h-icon style-647 style-local-47-c6 position-relative h-element\" data-colibri-id=\"47-c6\"><span class=\"h-svg-icon h-icon__icon style-647-icon style-local-47-c6-icon\"><!--Icon by Font Awesome (https:\/\/fontawesome.com)--><\/span><\/div>\n<\/div>\n<\/div>\n<\/div>\n<div class=\"h-column h-column-container d-flex h-col-lg-auto h-col-md-auto h-col-auto style-644-outer style-local-47-c7-outer\">\n<div class=\"d-flex h-flex-basis h-column__inner h-px-lg-2 h-px-md-2 h-px-2 v-inner-lg-2 v-inner-md-2 v-inner-2 style-644 style-local-47-c7 position-relative\" data-colibri-id=\"47-c7\">\n<div class=\"w-100 h-y-container h-column__content h-column__v-align flex-basis-100 align-self-lg-start align-self-md-start align-self-start\">\n<div class=\"h-text h-text-component style-645 style-local-47-c8 position-relative h-element\" data-colibri-id=\"47-c8\">\n<div class=\"\">\n\n<strong style=\"font-size: 10pt; font-family: Arial, sans-serif;\">Suite \u00e0 une tentative d\u2019intrusion sur l\u2019un des serveurs de la soci\u00e9t\u00e9 GSB et un ensemble de dysfonctionnements r\u00e9currents, le DSI m\u2019a demand\u00e9 de trouver l\u2019origine de ces \u00e9l\u00e9ments en analysant les fichiers Logs. Mais les LOGS sont pr\u00e9sents sur chacun des serveurs. Pour r\u00e9pondre \u00e0 sa requ\u00eate j\u2019ai choisi de configurer un serveur Syslog qui centralisera les LOGS des serveurs.<\/strong>\n\n<\/div>\n<\/div>\n<\/div>\n<\/div>\n<\/div>\n<\/div>\n<\/div>\n<\/div>\n<\/div>\n<div id=\"custom-2\" class=\"h-section h-section-global-spacing d-flex align-items-lg-center align-items-md-center align-items-center style-649 style-local-47-c9 position-relative\" data-colibri-component=\"section\" data-colibri-id=\"47-c9\">\n<div class=\"h-section-grid-container h-section-boxed-container\">\n<div class=\"h-row-container gutters-row-lg-2 gutters-row-md-2 gutters-row-0 gutters-row-v-lg-2 gutters-row-v-md-2 gutters-row-v-2 style-650 style-local-47-c10 position-relative\" data-colibri-id=\"47-c10\">\n<div class=\"h-row justify-content-lg-center justify-content-md-center justify-content-center align-items-lg-stretch align-items-md-stretch align-items-stretch gutters-col-lg-2 gutters-col-md-2 gutters-col-0 gutters-col-v-lg-2 gutters-col-v-md-2 gutters-col-v-2\">\n<div class=\"h-column h-column-container d-flex h-col-lg-auto h-col-md-auto h-col-auto style-651-outer style-local-47-c11-outer\">\n<div class=\"d-flex h-flex-basis h-column__inner h-px-lg-2 h-px-md-2 h-px-2 v-inner-lg-2 v-inner-md-2 v-inner-2 style-651 style-local-47-c11 position-relative\" data-colibri-id=\"47-c11\">\n<div class=\"w-100 h-y-container h-column__content h-column__v-align flex-basis-100 align-self-lg-start align-self-md-start align-self-start\">\n<div class=\"h-x-container style-652 style-local-47-c12 position-relative h-element\" data-colibri-id=\"47-c12\">\n<div class=\"h-x-container-inner style-dynamic-47-c12-group style-652-spacing style-local-47-c12-spacing\"><span class=\"h-link__outer style-653-outer style-local-47-c13-outer d-inline-flex h-element\"><a href=\"https:\/\/portfolio.mouradjaadar.fr\/wp-content\/uploads\/2021\/05\/E4-Description-Situation-Professionnelle_Activite1.pdf\">E4-Description Situation Professionnelle_Activit\u00e91<\/a><\/span><\/div>\n<\/div>\n<div class=\"h-x-container style-654 style-local-47-c14 position-relative h-element\" data-colibri-id=\"47-c14\">\n<div class=\"h-x-container-inner style-dynamic-47-c14-group style-654-spacing style-local-47-c14-spacing\"><span class=\"h-link__outer style-655-outer style-local-47-c15-outer d-inline-flex h-element\"><a href=\"https:\/\/portfolio.mouradjaadar.fr\/wp-content\/uploads\/2021\/05\/Mode-operatoire-RSYSLOG.pdf\">Mode op\u00e9ratoire\u00a0<\/a><\/span><\/div>\n<\/div>\n<div class=\"h-x-container style-656 style-local-47-c16 position-relative h-element\" data-colibri-id=\"47-c16\">\n<div class=\"h-x-container-inner style-dynamic-47-c16-group style-656-spacing style-local-47-c16-spacing\"><\/div>\n<\/div>\n<\/div>\n<\/div>\n<\/div>\n<\/div>\n<\/div>\n<\/div>\n<\/div>\n<\/div>","protected":false},"excerpt":{"rendered":"<p>Mise en place d\u2019un serveur SYSLOG-Loganalyzer Suite \u00e0 une tentative d\u2019intrusion sur l\u2019un des serveurs de la soci\u00e9t\u00e9 GSB et un ensemble de dysfonctionnements r\u00e9currents, le DSI m\u2019a demand\u00e9 de trouver l\u2019origine de ces \u00e9l\u00e9ments en analysant les fichiers Logs. Mais les LOGS sont pr\u00e9sents sur chacun des serveurs. Pour r\u00e9pondre \u00e0 sa requ\u00eate j\u2019ai [&hellip;]<\/p>\n","protected":false},"author":1,"featured_media":0,"parent":0,"menu_order":0,"comment_status":"closed","ping_status":"closed","template":"page-templates\/full-width-page.php","meta":{"footnotes":""},"class_list":["post-47","page","type-page","status-publish","hentry"],"_links":{"self":[{"href":"https:\/\/portfolio.mouradjaadar.fr\/index.php\/wp-json\/wp\/v2\/pages\/47","targetHints":{"allow":["GET"]}}],"collection":[{"href":"https:\/\/portfolio.mouradjaadar.fr\/index.php\/wp-json\/wp\/v2\/pages"}],"about":[{"href":"https:\/\/portfolio.mouradjaadar.fr\/index.php\/wp-json\/wp\/v2\/types\/page"}],"author":[{"embeddable":true,"href":"https:\/\/portfolio.mouradjaadar.fr\/index.php\/wp-json\/wp\/v2\/users\/1"}],"replies":[{"embeddable":true,"href":"https:\/\/portfolio.mouradjaadar.fr\/index.php\/wp-json\/wp\/v2\/comments?post=47"}],"version-history":[{"count":7,"href":"https:\/\/portfolio.mouradjaadar.fr\/index.php\/wp-json\/wp\/v2\/pages\/47\/revisions"}],"predecessor-version":[{"id":1975,"href":"https:\/\/portfolio.mouradjaadar.fr\/index.php\/wp-json\/wp\/v2\/pages\/47\/revisions\/1975"}],"wp:attachment":[{"href":"https:\/\/portfolio.mouradjaadar.fr\/index.php\/wp-json\/wp\/v2\/media?parent=47"}],"curies":[{"name":"wp","href":"https:\/\/api.w.org\/{rel}","templated":true}]}}