{"id":95,"date":"2021-05-19T22:38:48","date_gmt":"2021-05-19T20:38:48","guid":{"rendered":"https:\/\/portfolio.jaadar.go.yj.fr\/?page_id=95"},"modified":"2021-05-26T01:09:51","modified_gmt":"2021-05-25T23:09:51","slug":"continuite-de-service-niveau-3","status":"publish","type":"page","link":"https:\/\/portfolio.mouradjaadar.fr\/index.php\/continuite-de-service-niveau-3\/","title":{"rendered":"Continuit\u00e9 de service niveau 3"},"content":{"rendered":"\n<p style=\"font-size:24px\"><strong>Contexte :<\/strong>&nbsp;<\/p>\n\n\n\n<p class=\"has-medium-font-size\">&nbsp;Nous avons une infrastructure r\u00e9seau redondante&nbsp;au niveau des serveurs et des services. Il nous&nbsp;reste d\u00e9sormais plus qu\u2019\u00e0 assurer la redondance au niveau du mat\u00e9riel d\u2019intercommunication, et plus particuli\u00e8rement au niveau du routeur. Dans ce&nbsp;projet, notre objectif et d\u2019assurer la continuit\u00e9 de services en installant le protocole HSRP&nbsp;(Hot&nbsp;Standby Router Protocol).&nbsp;<\/p>\n\n\n\n<p style=\"font-size:24px\"><strong>Objectifs :<\/strong>&nbsp;<\/p>\n\n\n\n<ul class=\"has-medium-font-size wp-block-list\"><li>\u00catre capable de configurer un protocole sur un mat\u00e9riel d\u2019interconnexion.&nbsp;<\/li><li>\u00catre capable de configurer de fa\u00e7on avanc\u00e9 un routeur.&nbsp;<\/li><\/ul>\n\n\n\n<ul class=\"has-medium-font-size wp-block-list\"><li>Assurer une continuit\u00e9 de service&nbsp;de niveau&nbsp;3.&nbsp;<\/li><li>Garantir la&nbsp;tol\u00e9rance&nbsp;de pannes et l\u2019\u00e9quilibrage&nbsp;de charges&nbsp;&nbsp;<br>&nbsp;<\/li><\/ul>\n\n\n\n<p style=\"font-size:24px\"><strong>Contraintes :<\/strong>&nbsp;<\/p>\n\n\n\n<p class=\"has-medium-font-size\">\u2022 R\u00e9aliser des tests en modifiant la topologie ou en d\u00e9connectant des liens qui sont choisies au d\u00e9part&nbsp;<\/p>\n\n\n\n<ul class=\"has-medium-font-size wp-block-list\"><li>&nbsp;Utilisation de mat\u00e9riel&nbsp;Cisco&nbsp;<\/li><\/ul>\n\n\n\n<ul class=\"has-medium-font-size wp-block-list\"><li>Assurer une continuit\u00e9 de services&nbsp;&nbsp;<\/li><li>Contrainte de temps&nbsp;&nbsp;(10 heures )<\/li><li>Comprendre le fonctionnement du protocole HSRP&nbsp;<\/li><\/ul>\n\n\n\n<div class=\"wp-block-file\"><a href=\"https:\/\/portfolio.mouradjaadar.fr\/wp-content\/uploads\/2021\/05\/HSRP.pdf\">Restitution<\/a><a href=\"https:\/\/portfolio.mouradjaadar.fr\/wp-content\/uploads\/2021\/05\/HSRP.pdf\" class=\"wp-block-file__button\" download>T\u00e9l\u00e9charger<\/a><\/div>\n\n\n\n<div class=\"wp-block-file\"><a href=\"https:\/\/portfolio.mouradjaadar.fr\/wp-content\/uploads\/2021\/05\/Mode-Operatoire-HSRP.pdf\">Mode op\u00e9ratoire<\/a><a href=\"https:\/\/portfolio.mouradjaadar.fr\/wp-content\/uploads\/2021\/05\/Mode-Operatoire-HSRP.pdf\" class=\"wp-block-file__button\" download>T\u00e9l\u00e9charger<\/a><\/div>\n\n\n\n<p><\/p>\n","protected":false},"excerpt":{"rendered":"<p>Contexte :&nbsp; &nbsp;Nous avons une infrastructure r\u00e9seau redondante&nbsp;au niveau des serveurs et des services. Il nous&nbsp;reste d\u00e9sormais plus qu\u2019\u00e0 assurer la redondance au niveau du mat\u00e9riel d\u2019intercommunication, et plus particuli\u00e8rement au niveau du routeur. Dans ce&nbsp;projet, notre objectif et d\u2019assurer la continuit\u00e9 de services en installant le protocole HSRP&nbsp;(Hot&nbsp;Standby Router Protocol).&nbsp; Objectifs :&nbsp; \u00catre capable [&hellip;]<\/p>\n","protected":false},"author":1,"featured_media":0,"parent":0,"menu_order":0,"comment_status":"closed","ping_status":"closed","template":"","meta":{"footnotes":""},"class_list":["post-95","page","type-page","status-publish","hentry"],"_links":{"self":[{"href":"https:\/\/portfolio.mouradjaadar.fr\/index.php\/wp-json\/wp\/v2\/pages\/95","targetHints":{"allow":["GET"]}}],"collection":[{"href":"https:\/\/portfolio.mouradjaadar.fr\/index.php\/wp-json\/wp\/v2\/pages"}],"about":[{"href":"https:\/\/portfolio.mouradjaadar.fr\/index.php\/wp-json\/wp\/v2\/types\/page"}],"author":[{"embeddable":true,"href":"https:\/\/portfolio.mouradjaadar.fr\/index.php\/wp-json\/wp\/v2\/users\/1"}],"replies":[{"embeddable":true,"href":"https:\/\/portfolio.mouradjaadar.fr\/index.php\/wp-json\/wp\/v2\/comments?post=95"}],"version-history":[{"count":3,"href":"https:\/\/portfolio.mouradjaadar.fr\/index.php\/wp-json\/wp\/v2\/pages\/95\/revisions"}],"predecessor-version":[{"id":1935,"href":"https:\/\/portfolio.mouradjaadar.fr\/index.php\/wp-json\/wp\/v2\/pages\/95\/revisions\/1935"}],"wp:attachment":[{"href":"https:\/\/portfolio.mouradjaadar.fr\/index.php\/wp-json\/wp\/v2\/media?parent=95"}],"curies":[{"name":"wp","href":"https:\/\/api.w.org\/{rel}","templated":true}]}}